-5*f, 193*f + 2*w = 192*f + 779. What is the tens digit of f?
6
Let y(j) = -2*j**3 - 4*j**2 + 17*j + 6. Let n be y(-4). Let l = 0 - -4. Suppose -620 = -4*d + n*m, -148 = -3*d + l*m + 312. What is the tens digit of d?
5
Let j = -1853 + 3609. What is the hundreds digit of (4 + (105/10)/(-3))*j?
8
Let y = 1717 - 1110. What is the tens digit of y?
0
Let i(o) = -78*o + 127. What is the hundreds digit of i(-52)?
1
Let n(m) = 14*m**2 + 4*m + 1. Suppose -17*o + 75 - 7 = 0. What is the tens digit of n(o)?
4
Let o(q) = q**3 + 7*q**2 - 7*q + 9. Let b be o(-8). Suppose -3*f = -4*v + b, v - 4*f + 2 = -v. What is the units digit of (155/(-10))/(v/(-2))?
1
Suppose 5 = -o, 4*w + 3*o - 4*o = 153. Let a = 361 - w. What is the hundreds digit of a?
3
Suppose 51*h - 11*h = 171920. What is the tens digit of h?
9
Let v = 22370 + -9384. What is the units digit of v?
6
Let i(v) = -6*v - 41. Let s be (-2)/3*6 + 6. Let b be (4 - s) + -27 - -4. What is the tens digit of i(b)?
8
Let p(g) be the third derivative of -g**4/24 - 4*g**3/3 + 5*g**2. Let d be p(-10). Suppose 4*f + 0*h = -4*h + 96, d*h = 10. What is the tens digit of f?
1
Suppose i = 3*n + 3, 3*i - 6*n + n = 9. Suppose 0 = -i*p - 2*y + 97 + 126, 3*y + 67 = p. What is the units digit of p?
3
What is the tens digit of 3599/(-244)*(-254 + -6)?
3
Let d = -78149 - -121694. What is the ten thousands digit of d?
4
Let n = 78180 + -39667. What is the thousands digit of n?
8
Let p be (6/(-6))/(-1*(-1)/(-4)). Let h(k) = 4*k**2 + 4*k - 3. Let s(c) = -5*c**2 - 3*c + 3. Let w(l) = p*h(l) + 3*s(l). What is the units digit of w(-10)?
7
Suppose j - 22829 = 147*r - 150*r, -5*r + 38051 = -j. What is the thousands digit of r?
7
Suppose 1399094 = -1022*j + 1156*j. What is the thousands digit of j?
0
Let h(b) = -b**3 + 11*b**2 + 10*b + 25. Let y be h(12). Let f be 12*(y/(-2) + 11/66). What is the tens digit of (f/1)/(8/(-6)) + 88?
9
Let n be -101 - (4/(-1) - -4). Let s = -130 + n. Let j = s + 471. What is the hundreds digit of j?
2
Let a(t) = -t**3 - 5*t**2 + 7*t + 8. Let k = -64 + 58. Let v be a(k). Suppose -5*d = -n - 84, -3*n = -2*d - v*d + 65. What is the units digit of d?
7
Let a(t) = -2*t - 22. Let v(u) = -4*u - 66. Let o(w) = -14*a(w) + 5*v(w). What is the units digit of o(9)?
0
Let w be (-1 - -5) + 8/(-8)*-2. What is the hundreds digit of (730/w + -2)/((-38)/(-114))?
3
Let t = -257 + 386. Let c = 129 - t. What is the tens digit of (57 - c)*(-7)/(-3)?
3
Suppose -118*s + 123*s + 2*q - 135437 = 0, -4*s - 4*q + 108340 = 0. What is the ten thousands digit of s?
2
Let v(a) = -a**3 - 4*a**2 + 6. Suppose -2*k = -h - 6*k + 20, -h + k = 0. Suppose 2*p + 5 = n, 4*p - 6*n + h = -2*n. What is the units digit of v(p)?
6
Let y(p) be the second derivative of 0 - 5/6*p**3 + 51/2*p**2 - 35*p. What is the tens digit of y(-27)?
8
Let k(p) = 2*p**3 - 11*p**2 + p - 29. Let i be k(19). Suppose -17*o + 30*o - i = 0. What is the hundreds digit of o?
7
Let j = -547 - -552. Suppose p = -s - 4*s + 349, j*p + 5*s = 1725. What is the tens digit of p?
4
Suppose 0 = 4*o - 2*s + 580, 5*o - s + 746 = 18. Let w = 698 + -384. Let u = w + o. What is the tens digit of u?
6
Let s = 39 - 36. Suppose m + 13 - 78 = -2*d, 297 = 5*m + s*d. Let x = 35 + m. What is the units digit of x?
2
Let i(p) = -25*p**3 + 24*p**2 + 17*p + 22. What is the hundreds digit of i(-4)?
9
Let i(k) = k**3 - 5*k**2 + 6*k + 2. Suppose -119 = -3*t - 14. Suppose 1 = 6*g - t. What is the tens digit of i(g)?
7
What is the tens digit of (-19 + -13 + 29)*2126*15/(-6)?
4
Let o(s) = s**2 - s - 42. Let i(w) = w**2 - w - 1. Let y be i(-2). Suppose -m = -y*q - 0*q - 69, 4 = -4*m. What is the units digit of o(q)?
8
Let s = -139 - -293. Let h = s + 926. What is the units digit of h?
0
Suppose 9*p - p + 1040 = 0. Let n be 4/26 - 109310/p. Suppose -2*l - 3*l + n = 3*g, -2*g + 844 = 5*l. What is the hundreds digit of l?
1
Let z be (127/(-4))/(7/28). Suppose 5*k + 3*c = -1160, 4*k + 3*c - 278 + 1206 = 0. Let s = z - k. What is the hundreds digit of s?
1
Suppose -4*l + 5*l + 9 = 0. Let j(m) = m**2 - 2*m - 11. Let i be j(l). What is the units digit of i - ((-8)/4)/(-2)?
7
Let m(c) = 3*c**2 + 64*c + 64. Let a be m(-19). Let w be (326/2)/(-3 + 4). Let i = a + w. What is the tens digit of i?
9
Let c = 76 - 71. Suppose 17 - 27 = -2*z. What is the units digit of (-3 + 2)*-134 + z/c?
5
Suppose 80*p - 2491965 - 484835 = 0. What is the ten thousands digit of p?
3
Let r(w) = w**3 - 10*w**2 - 10*w + 8. Let n be r(11). Suppose n*j + 506 - 107 = 0. What is the hundreds digit of ((-5)/3)/(j/2961)?
2
Suppose -12*f - 16 = -16*f. Suppose f*o - 177 = k - 508, -3*o + 3*k = 246. Let m = o + 106. What is the tens digit of m?
2
Let w = 317 - 318. What is the tens digit of w - (-3 - 4/(-1))*-401?
0
What is the hundreds digit of (-1549352)/(-308) + (-16)/44?
0
Suppose l - 1608 = -4*g, -6*g + 2*g = -4*l + 6432. What is the hundreds digit of l?
6
Let b(r) = -r**3 - 7*r - 8. Let u be (65/(-25) + 2)/(2/10). Let n be -6 - (-3 - 4/(u - -1)). What is the hundreds digit of b(n)?
1
Suppose 178*a - 651 = 181*a. Let u = 367 + a. What is the tens digit of u?
5
Let w(p) = 6933*p - 737. What is the ten thousands digit of w(6)?
4
Suppose 6*o - 4*o - 10 = 0. Suppose f + 4*f = -o*n + 10, -3*f + 5*n + 46 = 0. Suppose -8*u = -f*u - 30. What is the tens digit of u?
3
Let z(g) = 8*g**2 + 105*g + 13. Let f be z(-13). Suppose c - s - 1691 = f, 4*c - 6*s - 6754 = -4*s. What is the tens digit of c?
8
What is the tens digit of 0 - (-141242)/8 - (20 - (-2370)/(-120))?
5
Let b be (3 - 4) + -2 + -42. Suppose -3*g = 5*a - 720, -2*a + 0*g - 4*g + 274 = 0. Let m = a - b. What is the tens digit of m?
9
Suppose z = -2*h + 15, 5 = 2*h - z - 4. Suppose h*w + 3*i = 2*w + 1707, 3 = -i. What is the tens digit of w?
2
Suppose 3*w - 34283 = k + 7186, 55291 = 4*w - k. What is the hundreds digit of w?
8
Let j be 6/30 + ((-2)/5)/2. Suppose j = -0*p + 7*p - 2485. What is the hundreds digit of p?
3
Let v(b) = -b**3 - 11*b**2 - 13*b - 11. Let s(w) = -w**3 + 6*w**2 + 6*w - 4. Let q(m) = m + 29. Let y be q(-22). Let k be s(y). What is the units digit of v(k)?
2
Suppose 9*m = 6*m + 21. Suppose m*b - 10*b + 1089 = 0. What is the units digit of b?
3
Suppose -4*d + p = -0*d - 500, -d + 140 = -4*p. Let r = -980 + 950. Let c = r + d. What is the tens digit of c?
9
Suppose -92*d + 13*d = 31*d - 1331880. What is the thousands digit of d?
2
Suppose 8*r = 12*r + 39*r. Let d(w) = -8*w + 1092. What is the hundreds digit of d(r)?
0
Suppose -2*s - 8 = 3*w, -3*s - 3*w = -0*s + 9. What is the hundreds digit of (8 - -461)/(2*s/(-2))?
4
Let h be (5 - 2) + (4 - 201). Let w = h - -208. What is the tens digit of w?
1
Let m(c) = -c**2 + 11*c - 23. Let v be m(8). Suppose 0 = -g + v - 1. What is the tens digit of (1 + -43)*(g - 1)?
4
Let t(q) = -5*q**2 + 16*q - 54. Let d be t(17). What is the units digit of (2 + -4)*(-1)/((-6)/d)?
9
Suppose -16*a = -13*a - 6. Suppose -x - 2*n + 61 = 0, a*x + 5*n = -3*x + 315. What is the units digit of (-4)/22 - (-1)/(55/x)?
1
Let p(b) = 420*b**2 + 84*b - 464. What is the thousands digit of p(6)?
5
Let r(l) = l**2 - 11*l + 94. Let u be r(7). Suppose -3*k = 3*d - 1953, u*d - 64*d = -k + 652. What is the hundreds digit of k?
6
Suppose -14*s + 17*s - 6 = 0. Suppose -140 = -2*n - 5*g, s*n = g + 33 + 107. Suppose 2*f - 50 - n = 0. What is the tens digit of f?
6
Suppose -2 = 8*w - 26. What is the tens digit of w + (-87901)/(-110) - 2/20?
0
Suppose -37*t - 1 = -38*t. What is the hundreds digit of 3 + -2 + 1 - (t + -357)?
3
Suppose 0 = z - 3*f - 29380, 4*f = -40 + 44. What is the tens digit of z?
8
Let s(g) = 1386*g - 1193. What is the units digit of s(3)?
5
Suppose -h = 3*o - 921, -6*h + 10*h + 320 = o. Suppose 2*z + o = 2*l, 377 = 3*l + 2*z - 100. What is the tens digit of l?
5
Let k = 120 + 196. Suppose 5*x - 2*i - 523 = 0, -2*x - x - i = -k. Let j = 186 - x. What is the tens digit of j?
8
Suppose 3*o + 549 = -4*x - 643, -1188 = 4*x + 4*o. Let s = -430 - x. Let z = -22 - s. What is the tens digit of z?
0
Suppose -5*s - 4*u + 720 = 0, 0 = -4*s - u - 266 + 842. Suppose -z + 153 = r, 3*r - 316 = -4*z + s. What is the hundreds digit of r?
1
Let u be 2/4 - ((-67)/2 - -1). Let d = u + -55. Let n = d - -116. What is the units digit of n?
4
Suppose -4*n - 10*f = -5*f - 36303, -2*f